{"id":680,"date":"2020-11-29T16:05:32","date_gmt":"2020-11-29T15:05:32","guid":{"rendered":"http:\/\/mmaza.fr\/?page_id=680"},"modified":"2026-03-10T12:35:08","modified_gmt":"2026-03-10T11:35:08","slug":"qui-suis-je","status":"publish","type":"page","link":"https:\/\/mmaza.fr\/?page_id=680","title":{"rendered":"Qui suis-je?"},"content":{"rendered":"\t\t<div data-elementor-type=\"wp-page\" data-elementor-id=\"680\" class=\"elementor elementor-680\" data-elementor-settings=\"[]\">\n\t\t\t\t\t\t<div class=\"elementor-inner\">\n\t\t\t\t\t\t\t<div class=\"elementor-section-wrap\">\n\t\t\t\t\t\t\t<section class=\"elementor-section elementor-top-section elementor-element elementor-element-0d8b2ec elementor-section-boxed elementor-section-height-default elementor-section-height-default\" data-id=\"0d8b2ec\" data-element_type=\"section\">\n\t\t\t\t\t\t\t<div class=\"elementor-background-overlay\"><\/div>\n\t\t\t\t\t\t\t<div class=\"elementor-container elementor-column-gap-default\">\n\t\t\t\t\t\t\t<div class=\"elementor-row\">\n\t\t\t\t\t<div class=\"elementor-column elementor-col-100 elementor-top-column elementor-element elementor-element-3cdc060\" data-id=\"3cdc060\" data-element_type=\"column\">\n\t\t\t<div class=\"elementor-column-wrap elementor-element-populated\">\n\t\t\t\t\t\t\t<div class=\"elementor-widget-wrap\">\n\t\t\t\t\t\t<div class=\"elementor-element elementor-element-057f886 elementor-widget elementor-widget-spacer\" data-id=\"057f886\" data-element_type=\"widget\" data-widget_type=\"spacer.default\">\n\t\t\t\t<div class=\"elementor-widget-container\">\n\t\t\t\t\t<div class=\"elementor-spacer\">\n\t\t\t<div class=\"elementor-spacer-inner\"><\/div>\n\t\t<\/div>\n\t\t\t\t<\/div>\n\t\t\t\t<\/div>\n\t\t\t\t\t\t<\/div>\n\t\t\t\t\t<\/div>\n\t\t<\/div>\n\t\t\t\t\t\t\t\t<\/div>\n\t\t\t\t\t<\/div>\n\t\t<\/section>\n\t\t\t\t<section class=\"elementor-section elementor-top-section elementor-element elementor-element-f02a38f elementor-section-boxed elementor-section-height-default elementor-section-height-default\" data-id=\"f02a38f\" data-element_type=\"section\">\n\t\t\t\t\t\t\t<div class=\"elementor-background-overlay\"><\/div>\n\t\t\t\t\t\t\t<div class=\"elementor-container elementor-column-gap-default\">\n\t\t\t\t\t\t\t<div class=\"elementor-row\">\n\t\t\t\t\t<div class=\"elementor-column elementor-col-33 elementor-top-column elementor-element elementor-element-0317117\" data-id=\"0317117\" data-element_type=\"column\" data-settings=\"{&quot;background_background&quot;:&quot;classic&quot;}\">\n\t\t\t<div class=\"elementor-column-wrap elementor-element-populated\">\n\t\t\t\t\t\t\t<div class=\"elementor-widget-wrap\">\n\t\t\t\t\t\t<div class=\"elementor-element elementor-element-78c2d25 elementor-widget__width-inherit elementor-widget elementor-widget-image\" data-id=\"78c2d25\" data-element_type=\"widget\" data-widget_type=\"image.default\">\n\t\t\t\t<div class=\"elementor-widget-container\">\n\t\t\t\t\t<div class=\"elementor-image\">\n\t\t\t\t\t\t\t\t\t\t<img width=\"1707\" height=\"2560\" src=\"https:\/\/mmaza.fr\/wp-content\/uploads\/2024\/10\/IMG_3502-scaled.jpg\" class=\"attachment-full size-full\" alt=\"\" loading=\"lazy\" srcset=\"https:\/\/mmaza.fr\/wp-content\/uploads\/2024\/10\/IMG_3502-scaled.jpg 1707w, https:\/\/mmaza.fr\/wp-content\/uploads\/2024\/10\/IMG_3502-200x300.jpg 200w, https:\/\/mmaza.fr\/wp-content\/uploads\/2024\/10\/IMG_3502-683x1024.jpg 683w, https:\/\/mmaza.fr\/wp-content\/uploads\/2024\/10\/IMG_3502-768x1152.jpg 768w, https:\/\/mmaza.fr\/wp-content\/uploads\/2024\/10\/IMG_3502-1024x1536.jpg 1024w, https:\/\/mmaza.fr\/wp-content\/uploads\/2024\/10\/IMG_3502-1365x2048.jpg 1365w, https:\/\/mmaza.fr\/wp-content\/uploads\/2024\/10\/IMG_3502-1140x1710.jpg 1140w\" sizes=\"(max-width: 1707px) 100vw, 1707px\" \/>\t\t\t\t\t\t\t\t\t\t\t<\/div>\n\t\t\t\t<\/div>\n\t\t\t\t<\/div>\n\t\t\t\t\t\t<\/div>\n\t\t\t\t\t<\/div>\n\t\t<\/div>\n\t\t\t\t<div class=\"elementor-column elementor-col-66 elementor-top-column elementor-element elementor-element-73f2590\" data-id=\"73f2590\" data-element_type=\"column\" data-settings=\"{&quot;background_background&quot;:&quot;classic&quot;}\">\n\t\t\t<div class=\"elementor-column-wrap elementor-element-populated\">\n\t\t\t\t\t\t\t<div class=\"elementor-widget-wrap\">\n\t\t\t\t\t\t<div class=\"elementor-element elementor-element-a4cb042 elementor-widget elementor-widget-heading\" data-id=\"a4cb042\" data-element_type=\"widget\" data-widget_type=\"heading.default\">\n\t\t\t\t<div class=\"elementor-widget-container\">\n\t\t\t<h2 class=\"elementor-heading-title elementor-size-default\">Bienvenue \u00e0 toutes et \u00e0 tous!<br><br>Je m'appelle Mazarine et je suis Infographiste Compositing sur Nuke . <br><br>Passionn\u00e9e par la couleur et la lumi\u00e8re, j'ai toujours eu une attirance pour les domaines artistiques tel que la photographie et la peinture. <br>J'ai pu apprendre les m\u00e9tiers de l'animation au cours de mes \u00e9tudes \u00e0 l'\u00e9cole George M\u00e9li\u00e8s, \u00e0 travers diff\u00e9rents projets, sur lesquels j'\u00e9tais principalement en charge de la lumi\u00e8re et des ambiances, apr\u00e8s quoi je me suis sp\u00e9cialis\u00e9e en compositing.<br> A travers mon parcours professionnel j'ai acquis de nouvelles des comp\u00e9tences en compositing sur Nuke, aussi bien dans le domaine de l'animation que celui du VFX, <span style=\"font-size: var( --e-global-typography-primary-font-size ); background-color: rgba(188, 41, 41, 0);\">sur diff\u00e9rents formats (s\u00e9ries et longs m\u00e9trages). <\/span><br><br><span style=\"font-size: var( --e-global-typography-primary-font-size ); font-style: var( --e-global-typography-primary-font-style ); letter-spacing: var( --e-global-typography-primary-letter-spacing ); text-transform: var( --e-global-typography-primary-text-transform );\">. Vous d\u00e9couvrirez ici mon travail \u00e0 travers mes projets professionnels, mes travaux personnels ainsi que mes courts m\u00e9trages \u00e9tudiants.<\/span><br><br>J'esp\u00e8re que le contenu vous plaira et je vous souhaite une bonne visite <br><br>Mazarine\n<\/h2>\t\t<\/div>\n\t\t\t\t<\/div>\n\t\t\t\t\t\t<\/div>\n\t\t\t\t\t<\/div>\n\t\t<\/div>\n\t\t\t\t\t\t\t\t<\/div>\n\t\t\t\t\t<\/div>\n\t\t<\/section>\n\t\t\t\t<section class=\"elementor-section elementor-top-section elementor-element elementor-element-ae9df72 elementor-section-boxed elementor-section-height-default elementor-section-height-default\" data-id=\"ae9df72\" data-element_type=\"section\">\n\t\t\t\t\t\t\t<div class=\"elementor-background-overlay\"><\/div>\n\t\t\t\t\t\t\t<div class=\"elementor-container elementor-column-gap-default\">\n\t\t\t\t\t\t\t<div class=\"elementor-row\">\n\t\t\t\t\t<div class=\"elementor-column elementor-col-100 elementor-top-column elementor-element elementor-element-c9dcaec\" data-id=\"c9dcaec\" data-element_type=\"column\">\n\t\t\t<div class=\"elementor-column-wrap elementor-element-populated\">\n\t\t\t\t\t\t\t<div class=\"elementor-widget-wrap\">\n\t\t\t\t\t\t<div class=\"elementor-element elementor-element-cd9c798 elementor-widget elementor-widget-spacer\" data-id=\"cd9c798\" data-element_type=\"widget\" data-widget_type=\"spacer.default\">\n\t\t\t\t<div class=\"elementor-widget-container\">\n\t\t\t\t\t<div class=\"elementor-spacer\">\n\t\t\t<div class=\"elementor-spacer-inner\"><\/div>\n\t\t<\/div>\n\t\t\t\t<\/div>\n\t\t\t\t<\/div>\n\t\t\t\t\t\t<\/div>\n\t\t\t\t\t<\/div>\n\t\t<\/div>\n\t\t\t\t\t\t\t\t<\/div>\n\t\t\t\t\t<\/div>\n\t\t<\/section>\n\t\t\t\t<section class=\"elementor-section elementor-top-section elementor-element elementor-element-3fc6044 elementor-section-boxed elementor-section-height-default elementor-section-height-default\" data-id=\"3fc6044\" data-element_type=\"section\">\n\t\t\t\t\t\t<div class=\"elementor-container elementor-column-gap-default\">\n\t\t\t\t\t\t\t<div class=\"elementor-row\">\n\t\t\t\t\t<div class=\"elementor-column elementor-col-100 elementor-top-column elementor-element elementor-element-a846b60\" data-id=\"a846b60\" data-element_type=\"column\">\n\t\t\t<div class=\"elementor-column-wrap elementor-element-populated\">\n\t\t\t\t\t\t\t<div class=\"elementor-widget-wrap\">\n\t\t\t\t\t\t<div class=\"elementor-element elementor-element-9d9a3c1 elementor-widget elementor-widget-spacer\" data-id=\"9d9a3c1\" data-element_type=\"widget\" data-widget_type=\"spacer.default\">\n\t\t\t\t<div class=\"elementor-widget-container\">\n\t\t\t\t\t<div class=\"elementor-spacer\">\n\t\t\t<div class=\"elementor-spacer-inner\"><\/div>\n\t\t<\/div>\n\t\t\t\t<\/div>\n\t\t\t\t<\/div>\n\t\t\t\t\t\t<\/div>\n\t\t\t\t\t<\/div>\n\t\t<\/div>\n\t\t\t\t\t\t\t\t<\/div>\n\t\t\t\t\t<\/div>\n\t\t<\/section>\n\t\t\t\t\t\t<\/div>\n\t\t\t\t\t\t<\/div>\n\t\t\t\t\t<\/div>\n\t\t","protected":false},"excerpt":{"rendered":"<p>Bienvenue \u00e0 toutes et \u00e0 tous! Je m&#8217;appelle Mazarine et je suis Infographiste Compositing sur Nuke . Passionn\u00e9e par la couleur et la lumi\u00e8re, j&#8217;ai toujours eu une attirance pour les domaines artistiques tel que la photographie et la peinture. J&#8217;ai pu apprendre les m\u00e9tiers de l&#8217;animation au cours de mes \u00e9tudes \u00e0 l&#8217;\u00e9cole George M\u00e9li\u00e8s, \u00e0 travers diff\u00e9rents projets, sur lesquels j&#8217;\u00e9tais principalement en charge de la lumi\u00e8re et des ambiances, apr\u00e8s quoi je me suis sp\u00e9cialis\u00e9e en compositing. A travers mon parcours professionnel j&#8217;ai acquis de nouvelles des comp\u00e9tences en compositing sur Nuke, aussi bien dans le domaine de l&#8217;animation que celui du VFX, sur diff\u00e9rents formats (s\u00e9ries et longs m\u00e9trages). . Vous d\u00e9couvrirez ici mon travail \u00e0 travers mes projets professionnels, mes travaux personnels ainsi que mes courts m\u00e9trages \u00e9tudiants. J&#8217;esp\u00e8re que le contenu vous plaira et je vous souhaite une bonne visite Mazarine<\/p>\n","protected":false},"author":1,"featured_media":0,"parent":0,"menu_order":0,"comment_status":"closed","ping_status":"closed","template":"","meta":[],"_links":{"self":[{"href":"https:\/\/mmaza.fr\/index.php?rest_route=\/wp\/v2\/pages\/680"}],"collection":[{"href":"https:\/\/mmaza.fr\/index.php?rest_route=\/wp\/v2\/pages"}],"about":[{"href":"https:\/\/mmaza.fr\/index.php?rest_route=\/wp\/v2\/types\/page"}],"author":[{"embeddable":true,"href":"https:\/\/mmaza.fr\/index.php?rest_route=\/wp\/v2\/users\/1"}],"replies":[{"embeddable":true,"href":"https:\/\/mmaza.fr\/index.php?rest_route=%2Fwp%2Fv2%2Fcomments&post=680"}],"version-history":[{"count":15,"href":"https:\/\/mmaza.fr\/index.php?rest_route=\/wp\/v2\/pages\/680\/revisions"}],"predecessor-version":[{"id":1184,"href":"https:\/\/mmaza.fr\/index.php?rest_route=\/wp\/v2\/pages\/680\/revisions\/1184"}],"wp:attachment":[{"href":"https:\/\/mmaza.fr\/index.php?rest_route=%2Fwp%2Fv2%2Fmedia&parent=680"}],"curies":[{"name":"wp","href":"https:\/\/api.w.org\/{rel}","templated":true}]}}